{"id":478,"date":"2024-08-01T22:36:12","date_gmt":"2024-08-01T20:36:12","guid":{"rendered":"http:\/\/192.168.2.70\/?page_id=478"},"modified":"2024-08-01T22:58:26","modified_gmt":"2024-08-01T20:58:26","slug":"politique-de-confidentialite","status":"publish","type":"page","link":"https:\/\/dr-films.com\/index.php\/politique-de-confidentialite\/","title":{"rendered":"Politique de confidentialit\u00e9"},"content":{"rendered":"\t\t<div data-elementor-type=\"wp-page\" data-elementor-id=\"478\" class=\"elementor elementor-478\">\n\t\t\t\t<div class=\"elementor-element elementor-element-7c8a700 animated-slow e-flex e-con-boxed elementor-invisible e-con e-parent\" data-id=\"7c8a700\" data-element_type=\"container\" data-settings=\"{&quot;animation&quot;:&quot;fadeInLeft&quot;}\">\n\t\t\t\t\t<div class=\"e-con-inner\">\n\t\t\t\t<div class=\"elementor-element elementor-element-a1f1951 elementor-widget elementor-widget-text-editor\" data-id=\"a1f1951\" data-element_type=\"widget\" data-widget_type=\"text-editor.default\">\n\t\t\t\t<div class=\"elementor-widget-container\">\n\t\t\t\t\t\t\t\t\t<p>Le Site web DR FILMS <\/p><p>Via son formulaire de contact, collecte des donn\u00e9es \u00e0 caract\u00e8re personnel des utilisateurs de son site internet. La pr\u00e9sente Politique de confidentialit\u00e9 a pour objet d\u2019informer les utilisateurs des moyens mis en \u0153uvre pour collecter, consulter, traiter et conserver leurs donn\u00e9es personnelles.<\/p><p>Le Site web DR FILMS , en qualit\u00e9 de responsable de traitement, s\u2019engage \u00e0 respecter les dispositions du r\u00e8glement (UE) n\u00b02016\/679 du 27 avril 2016 relatif \u00e0 la protection des donn\u00e9es \u00e0 caract\u00e8re personnel.<\/p><p>La pr\u00e9sente Politique de confidentialit\u00e9 (\u00ab Politique \u00bb) peut \u00eatre modifi\u00e9e \u00e0 tout moment par le Site web DR FILMS , afin notamment de se conformer \u00e0 toutes \u00e9volutions r\u00e9glementaires, jurisprudentielles, \u00e9ditoriales ou techniques. L\u2019utilisateur doit se r\u00e9f\u00e9rer avant toute navigation \u00e0 la derni\u00e8re version de la Politique.<\/p>\t\t\t\t\t\t\t\t<\/div>\n\t\t\t\t<\/div>\n\t\t\t\t\t<\/div>\n\t\t\t\t<\/div>\n\t\t<div class=\"elementor-element elementor-element-490a7a3 e-flex e-con-boxed elementor-invisible e-con e-parent\" data-id=\"490a7a3\" data-element_type=\"container\" data-settings=\"{&quot;animation&quot;:&quot;fadeIn&quot;}\">\n\t\t\t\t\t<div class=\"e-con-inner\">\n\t\t\t\t<div class=\"elementor-element elementor-element-4cf9c36 elementor-widget elementor-widget-heading\" data-id=\"4cf9c36\" data-element_type=\"widget\" data-widget_type=\"heading.default\">\n\t\t\t\t<div class=\"elementor-widget-container\">\n\t\t\t\t\t<h2 class=\"elementor-heading-title elementor-size-default\">Le Responsable de Traitement<\/h2>\t\t\t\t<\/div>\n\t\t\t\t<\/div>\n\t\t\t\t\t<\/div>\n\t\t\t\t<\/div>\n\t\t<div class=\"elementor-element elementor-element-a8068f1 animated-slow e-flex e-con-boxed elementor-invisible e-con e-parent\" data-id=\"a8068f1\" data-element_type=\"container\" data-settings=\"{&quot;animation&quot;:&quot;fadeInLeft&quot;}\">\n\t\t\t\t\t<div class=\"e-con-inner\">\n\t\t\t\t<div class=\"elementor-element elementor-element-e54fba7 elementor-widget elementor-widget-text-editor\" data-id=\"e54fba7\" data-element_type=\"widget\" data-widget_type=\"text-editor.default\">\n\t\t\t\t<div class=\"elementor-widget-container\">\n\t\t\t\t\t\t\t\t\t<p>Le responsable de traitement, qui collecte les donn\u00e9es \u00e0 caract\u00e8re personnel et met en \u0153uvre les traitements de donn\u00e9e est Le Site web DR FILMS .<\/p>\t\t\t\t\t\t\t\t<\/div>\n\t\t\t\t<\/div>\n\t\t\t\t\t<\/div>\n\t\t\t\t<\/div>\n\t\t<div class=\"elementor-element elementor-element-7fe2df7 e-flex e-con-boxed elementor-invisible e-con e-parent\" data-id=\"7fe2df7\" data-element_type=\"container\" data-settings=\"{&quot;animation&quot;:&quot;fadeIn&quot;}\">\n\t\t\t\t\t<div class=\"e-con-inner\">\n\t\t\t\t<div class=\"elementor-element elementor-element-303bb10 elementor-widget elementor-widget-heading\" data-id=\"303bb10\" data-element_type=\"widget\" data-widget_type=\"heading.default\">\n\t\t\t\t<div class=\"elementor-widget-container\">\n\t\t\t\t\t<h2 class=\"elementor-heading-title elementor-size-default\">Collecte des donn\u00e9es personnelles<\/h2>\t\t\t\t<\/div>\n\t\t\t\t<\/div>\n\t\t\t\t\t<\/div>\n\t\t\t\t<\/div>\n\t\t<div class=\"elementor-element elementor-element-8ec39a9 animated-slow e-flex e-con-boxed elementor-invisible e-con e-parent\" data-id=\"8ec39a9\" data-element_type=\"container\" data-settings=\"{&quot;animation&quot;:&quot;fadeInLeft&quot;}\">\n\t\t\t\t\t<div class=\"e-con-inner\">\n\t\t\t\t<div class=\"elementor-element elementor-element-bdb3b2b elementor-widget elementor-widget-text-editor\" data-id=\"bdb3b2b\" data-element_type=\"widget\" data-widget_type=\"text-editor.default\">\n\t\t\t\t<div class=\"elementor-widget-container\">\n\t\t\t\t\t\t\t\t\t<p>Les donn\u00e9es personnelles susceptibles d\u2019\u00eatre collect\u00e9es via le formulaire de contact sont les suivantes : Adresse email, ainsi que les fichier personnelles \u00e9mis par l&rsquo;utilisateur concern\u00e9e<\/p>\t\t\t\t\t\t\t\t<\/div>\n\t\t\t\t<\/div>\n\t\t\t\t\t<\/div>\n\t\t\t\t<\/div>\n\t\t<div class=\"elementor-element elementor-element-7716a44 e-flex e-con-boxed elementor-invisible e-con e-parent\" data-id=\"7716a44\" data-element_type=\"container\" data-settings=\"{&quot;animation&quot;:&quot;fadeIn&quot;}\">\n\t\t\t\t\t<div class=\"e-con-inner\">\n\t\t\t\t<div class=\"elementor-element elementor-element-f6f31b5 elementor-widget elementor-widget-heading\" data-id=\"f6f31b5\" data-element_type=\"widget\" data-widget_type=\"heading.default\">\n\t\t\t\t<div class=\"elementor-widget-container\">\n\t\t\t\t\t<h2 class=\"elementor-heading-title elementor-size-default\">Finalit\u00e9s de la collecte des donn\u00e9es personnelles<\/h2>\t\t\t\t<\/div>\n\t\t\t\t<\/div>\n\t\t\t\t\t<\/div>\n\t\t\t\t<\/div>\n\t\t<div class=\"elementor-element elementor-element-c42b56a animated-slow e-flex e-con-boxed elementor-invisible e-con e-parent\" data-id=\"c42b56a\" data-element_type=\"container\" data-settings=\"{&quot;animation&quot;:&quot;fadeInLeft&quot;}\">\n\t\t\t\t\t<div class=\"e-con-inner\">\n\t\t\t\t<div class=\"elementor-element elementor-element-3e3d434 elementor-widget elementor-widget-text-editor\" data-id=\"3e3d434\" data-element_type=\"widget\" data-widget_type=\"text-editor.default\">\n\t\t\t\t<div class=\"elementor-widget-container\">\n\t\t\t\t\t\t\t\t\t<p>Les donn\u00e9es personnelles collect\u00e9es sont n\u00e9cessaires pour r\u00e9pondre aux messages.<\/p><p>Le Site web DR FILMS ne partage aucune donn\u00e9e personnelle \u00e0 des fins commerciales \u00e0 des tiers.<\/p>\t\t\t\t\t\t\t\t<\/div>\n\t\t\t\t<\/div>\n\t\t\t\t\t<\/div>\n\t\t\t\t<\/div>\n\t\t<div class=\"elementor-element elementor-element-faedb6e e-flex e-con-boxed elementor-invisible e-con e-parent\" data-id=\"faedb6e\" data-element_type=\"container\" data-settings=\"{&quot;animation&quot;:&quot;fadeIn&quot;}\">\n\t\t\t\t\t<div class=\"e-con-inner\">\n\t\t\t\t<div class=\"elementor-element elementor-element-ace34d4 elementor-widget elementor-widget-heading\" data-id=\"ace34d4\" data-element_type=\"widget\" data-widget_type=\"heading.default\">\n\t\t\t\t<div class=\"elementor-widget-container\">\n\t\t\t\t\t<h2 class=\"elementor-heading-title elementor-size-default\">Prestataires ayant acc\u00e8s aux donn\u00e9es personnelles des utilisateurs<\/h2>\t\t\t\t<\/div>\n\t\t\t\t<\/div>\n\t\t\t\t\t<\/div>\n\t\t\t\t<\/div>\n\t\t<div class=\"elementor-element elementor-element-b2fbfa0 animated-slow e-flex e-con-boxed elementor-invisible e-con e-parent\" data-id=\"b2fbfa0\" data-element_type=\"container\" data-settings=\"{&quot;animation&quot;:&quot;fadeInLeft&quot;}\">\n\t\t\t\t\t<div class=\"e-con-inner\">\n\t\t\t\t<div class=\"elementor-element elementor-element-944d4cf elementor-widget elementor-widget-text-editor\" data-id=\"944d4cf\" data-element_type=\"widget\" data-widget_type=\"text-editor.default\">\n\t\t\t\t<div class=\"elementor-widget-container\">\n\t\t\t\t\t\t\t\t\t<p>En dehors du Site web DR FILMS, seul l\u2019h\u00e9bergeur du site internet peut avoir acc\u00e8s aux donn\u00e9es personnelles des utilisateurs, du fait de sa gestion des bases de donn\u00e9es relatives au fonctionnement du site internet et de la messagerie de DR FILMS<\/p>\t\t\t\t\t\t\t\t<\/div>\n\t\t\t\t<\/div>\n\t\t\t\t\t<\/div>\n\t\t\t\t<\/div>\n\t\t<div class=\"elementor-element elementor-element-1db214e e-flex e-con-boxed elementor-invisible e-con e-parent\" data-id=\"1db214e\" data-element_type=\"container\" data-settings=\"{&quot;animation&quot;:&quot;fadeIn&quot;}\">\n\t\t\t\t\t<div class=\"e-con-inner\">\n\t\t\t\t<div class=\"elementor-element elementor-element-7889cb4 elementor-widget elementor-widget-heading\" data-id=\"7889cb4\" data-element_type=\"widget\" data-widget_type=\"heading.default\">\n\t\t\t\t<div class=\"elementor-widget-container\">\n\t\t\t\t\t<h2 class=\"elementor-heading-title elementor-size-default\">Droits des utilisateurs sur leurs donn\u00e9es personnelles<\/h2>\t\t\t\t<\/div>\n\t\t\t\t<\/div>\n\t\t\t\t\t<\/div>\n\t\t\t\t<\/div>\n\t\t<div class=\"elementor-element elementor-element-f514cbc animated-slow e-flex e-con-boxed elementor-invisible e-con e-parent\" data-id=\"f514cbc\" data-element_type=\"container\" data-settings=\"{&quot;animation&quot;:&quot;fadeInLeft&quot;}\">\n\t\t\t\t\t<div class=\"e-con-inner\">\n\t\t\t\t<div class=\"elementor-element elementor-element-44187d5 elementor-widget elementor-widget-text-editor\" data-id=\"44187d5\" data-element_type=\"widget\" data-widget_type=\"text-editor.default\">\n\t\t\t\t<div class=\"elementor-widget-container\">\n\t\t\t\t\t\t\t\t\t<p>Conform\u00e9ment aux articles 14 \u00e0 22 du r\u00e8glement 2016\/679 du 27 avril 2016, toute personne physique utilisant le site internet a la facult\u00e9 d\u2019exercer les droits suivants :<\/p><ul><li>Un droit d\u2019acc\u00e8s, de rectification et de suppression des donn\u00e9es collect\u00e9es,<\/li><li>Un droit d\u2019opposition au traitement de ses donn\u00e9es,<\/li><li>Un droit \u00e0 la limitation du traitement,<\/li><li>Un droit \u00e0 la portabilit\u00e9 des donn\u00e9es collect\u00e9es<\/li><\/ul><p>Peut formuler des directives relatives \u00e0 la conservation, \u00e0 l\u2019effacement et \u00e0 la communication de ses donn\u00e9es \u00e0 caract\u00e8re personnel apr\u00e8s son d\u00e9c\u00e8s conform\u00e9ment \u00e0 l\u2019article 40-1 de la loi 78-17 du 6 janvier 1978.<\/p><p>Enfin, si le Site web DR FILMS d\u00e9tecte une violation de donn\u00e9es \u00e0 caract\u00e8re personnel susceptible d\u2019engendrer un risque \u00e9lev\u00e9 pour les droits et libert\u00e9s de ses utilisateurs, elle s\u2019engage \u00e0 informer les utilisateurs concern\u00e9s dans les meilleurs d\u00e9lais.<\/p><p>L\u2019utilisateur peut exercer l\u2019ensemble de ces droits par message via instagram simple \u00e0 : dylan_rodfilms<\/p><p>L\u2019utilisateur devra imp\u00e9rativement joindre \u00e0 sa demande un justificatif d\u2019identit\u00e9.<\/p><p>En cas de non r\u00e9ponse ou de r\u00e9ponse non satisfaisante, l\u2019utilisateur pourra saisir l\u2019autorit\u00e9 de contr\u00f4le de son pays de r\u00e9sidence, pour la France, la CNIL\u00a0 <a href=\"http:\/\/www.cnil.fr\">www.cnil.fr<\/a>.<\/p>\t\t\t\t\t\t\t\t<\/div>\n\t\t\t\t<\/div>\n\t\t\t\t\t<\/div>\n\t\t\t\t<\/div>\n\t\t<div class=\"elementor-element elementor-element-ff942c5 e-flex e-con-boxed elementor-invisible e-con e-parent\" data-id=\"ff942c5\" data-element_type=\"container\" data-settings=\"{&quot;animation&quot;:&quot;fadeIn&quot;}\">\n\t\t\t\t\t<div class=\"e-con-inner\">\n\t\t\t\t<div class=\"elementor-element elementor-element-e6577a6 elementor-widget elementor-widget-heading\" data-id=\"e6577a6\" data-element_type=\"widget\" data-widget_type=\"heading.default\">\n\t\t\t\t<div class=\"elementor-widget-container\">\n\t\t\t\t\t<h2 class=\"elementor-heading-title elementor-size-default\">Dur\u00e9e de conservation des donn\u00e9es<\/h2>\t\t\t\t<\/div>\n\t\t\t\t<\/div>\n\t\t\t\t\t<\/div>\n\t\t\t\t<\/div>\n\t\t<div class=\"elementor-element elementor-element-cbfb6ea animated-slow e-flex e-con-boxed elementor-invisible e-con e-parent\" data-id=\"cbfb6ea\" data-element_type=\"container\" data-settings=\"{&quot;animation&quot;:&quot;fadeInLeft&quot;}\">\n\t\t\t\t\t<div class=\"e-con-inner\">\n\t\t\t\t<div class=\"elementor-element elementor-element-ded79ac elementor-widget elementor-widget-text-editor\" data-id=\"ded79ac\" data-element_type=\"widget\" data-widget_type=\"text-editor.default\">\n\t\t\t\t<div class=\"elementor-widget-container\">\n\t\t\t\t\t\t\t\t\t<p>Les donn\u00e9es des utilisateurs ne seront pas conserv\u00e9es au-del\u00e0 de la dur\u00e9e strictement n\u00e9cessaire aux finalit\u00e9s poursuivies telles qu\u2019\u00e9nonc\u00e9es aux pr\u00e9sentes et ce conform\u00e9ment \u00e0 la r\u00e9glementation et aux lois applicables.<\/p><p>A cet \u00e9gard, les donn\u00e9es utilis\u00e9es aux fins de prospection peuvent \u00eatre conserv\u00e9es pendant une dur\u00e9e maximale de 3 ans \u00e0 compter du dernier contact du prospect concern\u00e9. Les donn\u00e9es de l\u2019utilisateur sont effac\u00e9es lorsque les dur\u00e9es de conservations expirent.<\/p><p>N\u00e9anmoins, les donn\u00e9es pourront \u00eatre archiv\u00e9es au-del\u00e0 des dur\u00e9es pr\u00e9vues pour les besoins de la recherche, la constatation, et de la poursuite des infractions p\u00e9nales dans le seul but de permettre, en tant que besoins, la mise \u00e0 disposition de ces donn\u00e9es \u00e0 l\u2019autorit\u00e9 judiciaire.<\/p><p>L\u2019archivage implique que ces donn\u00e9es seront anonymis\u00e9es et ne seront plus consultables en ligne mais seront extraites et conserv\u00e9es sur un support autonome et s\u00e9curis\u00e9.<\/p>\t\t\t\t\t\t\t\t<\/div>\n\t\t\t\t<\/div>\n\t\t\t\t\t<\/div>\n\t\t\t\t<\/div>\n\t\t<div class=\"elementor-element elementor-element-84ae8f3 e-flex e-con-boxed elementor-invisible e-con e-parent\" data-id=\"84ae8f3\" data-element_type=\"container\" data-settings=\"{&quot;animation&quot;:&quot;fadeIn&quot;}\">\n\t\t\t\t\t<div class=\"e-con-inner\">\n\t\t\t\t<div class=\"elementor-element elementor-element-8984a0c elementor-widget elementor-widget-heading\" data-id=\"8984a0c\" data-element_type=\"widget\" data-widget_type=\"heading.default\">\n\t\t\t\t<div class=\"elementor-widget-container\">\n\t\t\t\t\t<h2 class=\"elementor-heading-title elementor-size-default\">Mesures de s\u00e9curit\u00e9 des donn\u00e9es personnelles collect\u00e9es<\/h2>\t\t\t\t<\/div>\n\t\t\t\t<\/div>\n\t\t\t\t\t<\/div>\n\t\t\t\t<\/div>\n\t\t<div class=\"elementor-element elementor-element-f815a71 animated-slow e-flex e-con-boxed elementor-invisible e-con e-parent\" data-id=\"f815a71\" data-element_type=\"container\" data-settings=\"{&quot;animation&quot;:&quot;fadeInLeft&quot;}\">\n\t\t\t\t\t<div class=\"e-con-inner\">\n\t\t\t\t<div class=\"elementor-element elementor-element-9effc81 elementor-widget elementor-widget-text-editor\" data-id=\"9effc81\" data-element_type=\"widget\" data-widget_type=\"text-editor.default\">\n\t\t\t\t<div class=\"elementor-widget-container\">\n\t\t\t\t\t\t\t\t\t<p>En qualit\u00e9 de responsable de traitement, le Site web DR FILMS\u00a0 s\u2019engage \u00e0 prendre toutes les pr\u00e9cautions utiles afin de pr\u00e9server la s\u00e9curit\u00e9 et la confidentialit\u00e9 des donn\u00e9es et notamment, d\u2019emp\u00eacher qu\u2019elles ne soient alt\u00e9r\u00e9es, d\u00e9form\u00e9es ou que des tiers non autoris\u00e9s y aient acc\u00e8s. L\u2019ensemble des donn\u00e9es est h\u00e9berg\u00e9 en France.<\/p>\t\t\t\t\t\t\t\t<\/div>\n\t\t\t\t<\/div>\n\t\t\t\t\t<\/div>\n\t\t\t\t<\/div>\n\t\t<div class=\"elementor-element elementor-element-4f6e66e e-flex e-con-boxed elementor-invisible e-con e-parent\" data-id=\"4f6e66e\" data-element_type=\"container\" data-settings=\"{&quot;animation&quot;:&quot;fadeIn&quot;}\">\n\t\t\t\t\t<div class=\"e-con-inner\">\n\t\t\t\t<div class=\"elementor-element elementor-element-71954fc elementor-widget elementor-widget-heading\" data-id=\"71954fc\" data-element_type=\"widget\" data-widget_type=\"heading.default\">\n\t\t\t\t<div class=\"elementor-widget-container\">\n\t\t\t\t\t<h2 class=\"elementor-heading-title elementor-size-default\">Cookies, TAGS et traceurs<\/h2>\t\t\t\t<\/div>\n\t\t\t\t<\/div>\n\t\t\t\t\t<\/div>\n\t\t\t\t<\/div>\n\t\t<div class=\"elementor-element elementor-element-1f1b04f animated-slow e-flex e-con-boxed elementor-invisible e-con e-parent\" data-id=\"1f1b04f\" data-element_type=\"container\" data-settings=\"{&quot;animation&quot;:&quot;fadeInLeft&quot;}\">\n\t\t\t\t\t<div class=\"e-con-inner\">\n\t\t\t\t<div class=\"elementor-element elementor-element-2ae78bb elementor-widget elementor-widget-text-editor\" data-id=\"2ae78bb\" data-element_type=\"widget\" data-widget_type=\"text-editor.default\">\n\t\t\t\t<div class=\"elementor-widget-container\">\n\t\t\t\t\t\t\t\t\t<p>Lors de la navigation sur le site internet des informations relatives \u00e0 la navigation du terminal de l\u2019utilisateur (ordinateur, tablette, smartphone, etc.), peuvent \u00eatre enregistr\u00e9es au travers de fichiers appel\u00e9s \u00ab Cookies \u00bb.<\/p><p>Le cookie permet de r\u00e9aliser un suivi de la navigation ou une analyse du comportement de l\u2019utilisateur, et notamment de mesurer la fr\u00e9quentation du site internet, ainsi que de son contenu.<\/p><p>L\u2019utilisateur peut modifier ses pr\u00e9f\u00e9rences en mati\u00e8re de cookies, au travers du logiciel de navigation utilis\u00e9 :<\/p><ul><li>Chrome : <a href=\"http:\/\/support.google.com\/chrome\/answer\/95647\">support.google.com\/chrome\/answer\/95647<\/a>,<\/li><li>Firefox: <a href=\"http:\/\/support.mozilla.org\/fr\/kb\/autoriser-bloquer-cookies-preferences-sites\">support.mozilla.org\/fr\/kb\/autoriser-bloquer-cookies-preferences-sites<\/a>,<\/li><li>Edge : <a href=\"http:\/\/support.microsoft.com\/fr-fr\/help\/4468242\/microsoft-edge-browsing-data-and-privacy-microsoft-privacy\">support.microsoft.com\/fr-fr\/help\/4468242\/microsoft-edge-browsing-data-and-privacy-microsoft-privacy<\/a>,<\/li><li>Internet Explorer : <a href=\"http:\/\/support.microsoft.com\/fr-fr\/help\/17442\/windows-internet-explorer-delete-manage-cookies\">support.microsoft.com\/fr-fr\/help\/17442\/windows-internet-explorer-delete-manage-cookies<\/a>,<\/li><li>iOS : <a href=\"http:\/\/support.apple.com\/fr-fr\/HT201265\">support.apple.com\/fr-fr\/HT201265<\/a>,<\/li><li>Safari: <a href=\"http:\/\/support.apple.com\/fr-fr\/guide\/safari\/sfri11471\/mac\">support.apple.com\/fr-fr\/guide\/safari\/sfri11471\/mac<\/a>.<\/li><\/ul><p>L\u2019utilisateur peut \u00e9galement s\u2019opposer au d\u00e9p\u00f4t de cookies par le site internet <a href=\"http:\/\/www.youronlinechoices.com\/fr\/controler-ses-cookies\/\">www.youronlinechoices.com\/fr\/controler-ses-cookies\/<\/a>.<\/p><p>Date de la pr\u00e9sente version de la Politique de confidentialit\u00e9 : 01 Aout 2024.<\/p>\t\t\t\t\t\t\t\t<\/div>\n\t\t\t\t<\/div>\n\t\t\t\t\t<\/div>\n\t\t\t\t<\/div>\n\t\t\t\t<\/div>\n\t\t","protected":false},"excerpt":{"rendered":"<p>Le Site web DR FILMS Via son formulaire de contact, collecte des donn\u00e9es \u00e0 caract\u00e8re personnel des utilisateurs de son site internet. La pr\u00e9sente Politique de confidentialit\u00e9 a pour objet d\u2019informer les utilisateurs des moyens mis en \u0153uvre pour collecter, consulter, traiter et conserver leurs donn\u00e9es personnelles. Le Site web DR FILMS , en qualit\u00e9 &hellip; <\/p>\n<p class=\"link-more\"><a href=\"https:\/\/dr-films.com\/index.php\/politique-de-confidentialite\/\" class=\"more-link\">Lire la suite de<span class=\"screen-reader-text\">\u00ab\u00a0Politique de confidentialit\u00e9\u00a0\u00bb<\/span><\/a><\/p>\n","protected":false},"author":1,"featured_media":0,"parent":0,"menu_order":0,"comment_status":"closed","ping_status":"closed","template":"","meta":{"footnotes":""},"class_list":["post-478","page","type-page","status-publish","hentry"],"_links":{"self":[{"href":"https:\/\/dr-films.com\/index.php\/wp-json\/wp\/v2\/pages\/478","targetHints":{"allow":["GET"]}}],"collection":[{"href":"https:\/\/dr-films.com\/index.php\/wp-json\/wp\/v2\/pages"}],"about":[{"href":"https:\/\/dr-films.com\/index.php\/wp-json\/wp\/v2\/types\/page"}],"author":[{"embeddable":true,"href":"https:\/\/dr-films.com\/index.php\/wp-json\/wp\/v2\/users\/1"}],"replies":[{"embeddable":true,"href":"https:\/\/dr-films.com\/index.php\/wp-json\/wp\/v2\/comments?post=478"}],"version-history":[{"count":8,"href":"https:\/\/dr-films.com\/index.php\/wp-json\/wp\/v2\/pages\/478\/revisions"}],"predecessor-version":[{"id":486,"href":"https:\/\/dr-films.com\/index.php\/wp-json\/wp\/v2\/pages\/478\/revisions\/486"}],"wp:attachment":[{"href":"https:\/\/dr-films.com\/index.php\/wp-json\/wp\/v2\/media?parent=478"}],"curies":[{"name":"wp","href":"https:\/\/api.w.org\/{rel}","templated":true}]}}